d 14?
14
Let f = 107 - 154. Let s be f/(-4) + (-2)/(-8). Suppose 0 = 2*n - 0*n - 24. What is the highest common factor of s and n?
12
Let v = 81 - 45. Let a = -18 + v. Calculate the highest common divisor of a and 36.
18
Let x = 1 + -7. Let r = x + 10. Suppose -12 = -0*k - r*k. What is the greatest common factor of k and 33?
3
Suppose 10*g - 1320 = 5*g. Calculate the greatest common divisor of g and 24.
24
Let c = -6 - -4. Let j be c + (-3)/(9/48). Let f be (j/7)/((-3)/28). What is the greatest common divisor of 3 and f?
3
Suppose 12 = -q + 5*q. Suppose -10 = -q*m - 4. Suppose -3*f = a - 51, -24 = -f - m*a + 4*a. What is the greatest common divisor of 54 and f?
18
Let t(j) = -4*j - 3. Let i(y) = -y. Let u(n) = 6*i(n) - t(n). Let m be u(-4). What is the highest common divisor of m and 44?
11
Let g(i) = 10*i**2 - 23*i**2 - i + 20 + 14*i**2. Let v be g(0). What is the highest common factor of v and 10?
10
Suppose 176 = 5*j - k, -j - 16 = -2*j + 5*k. Calculate the highest common factor of j and 12.
12
Let o = 127 - 82. Let q(n) be the first derivative of n**2/2 + 32*n + 12. Let g be q(-14). Calculate the highest common factor of o and g.
9
Let b = 297 + -128. Calculate the greatest common factor of b and 26.
13
Let i(k) be the first derivative of -k**4/4 - k**3/3 - 3*k**2/2 - 2*k - 6. Let n be i(-2). What is the highest common factor of 2 and n?
2
Suppose -41 = -z - 9. Let b be 48/(-10)*(-200)/12. What is the greatest common factor of b and z?
16
Let a be (-6)/(-4) - 42/12. Let o be a/(-3) - (-111)/9. Let b = 91 + 13. What is the greatest common divisor of b and o?
13
Suppose 0 = -l - 3*l + 4, 4*w - 164 = 4*l. Calculate the greatest common divisor of w and 6.
6
Suppose -2*g + 82 - 22 = 0. What is the greatest common divisor of g and 6?
6
Suppose 3*a - 72 = 2*i, -2*a + 5*a - 72 = -4*i. Calculate the greatest common divisor of 3 and a.
3
Let o = 3 + 3. Calculate the greatest common factor of o and 6.
6
Let u(w) = w**2 + w - 1. Let k(i) = 4*i**2 + 3*i - 5. Let b(v) = -k(v) + 3*u(v). Let g = 1 - 1. Let z be b(g). What is the greatest common divisor of 4 and z?
2
Let i be 131/2 + 1/2. Calculate the highest common divisor of 6 and i.
6
Suppose -2*r = 4*x - 92, -x - x = 5*r - 238. Let l(t) = 5*t - 1. Let f be l(5). Calculate the highest common divisor of f and r.
24
Let g(b) = 7*b. Let s(z) = z**2 + 7*z - 5. Let q be s(-8). Let v be g(q). Calculate the greatest common factor of 14 and v.
7
Suppose -4*r - 172 = -4*x, 0 = -4*x + r + 2*r + 171. Calculate the greatest common factor of 6 and x.
6
Suppose 4*x = 86 + 34. Calculate the highest common factor of 5 and x.
5
Let h be 57/(-2)*(-3 - -1). What is the greatest common divisor of h and 38?
19
Suppose 3*u + 3 = 0, 4*k + 1 = 2*k - u. Suppose k = -4*x + x + 60. Calculate the highest common factor of 50 and x.
10
Suppose 0 = -3*o + m + 297, -2*o + 5*m + 0*m + 185 = 0. Suppose -o = -v - 4*v. What is the highest common factor of v and 80?
20
Let c = -11 + 36. Calculate the greatest common factor of c and 200.
25
Let b be (2 - 2)/(4/(-2)). Suppose -4*u + b*u = -36. What is the highest common divisor of 9 and u?
9
Let i(z) = -z + 15. Let p be i(-15). Calculate the greatest common divisor of 270 and p.
30
Suppose 3*v - 12 = 0, -2*t - 3*t - 2*v + 728 = 0. Calculate the greatest common divisor of t and 18.
18
Suppose -88 - 2 = -2*u. What is the greatest common divisor of u and 45?
45
Let u be ((-36)/3)/((-2)/17). Suppose -34 = 4*s - u. Suppose y + 0*y = -f - 2, -2*y + 5*f = -s. What is the highest common factor of 8 and y?
1
Let p(y) = -y**2 - 3*y + 4. Let i be p(-3). What is the highest common divisor of i and 1?
1
Let h be (-6*(-4)/(-16))/3*-10. What is the highest common divisor of 10 and h?
5
Suppose 6*t = 3*t - 21. Let y(b) = -3*b - 7 - 3*b**2 + 4*b**2 + 5*b. Let q be y(t). Calculate the highest common factor of q and 4.
4
Let z = 181 - 13. What is the highest common divisor of 24 and z?
24
Let x be (1 - 0 - -1) + -10. Let l(g) = g**3 + 7*g**2 - 11*g - 6. Let a be l(x). Calculate the highest common factor of a and 36.
18
Let w = -50 - -70. Suppose -2*y = -0*y - 10. What is the highest common factor of y and w?
5
Let r be 2 - (1 - 0 - -1). Let f be r + 2 + (-42 - 0). Let t = -24 - f. What is the greatest common divisor of 8 and t?
8
Suppose -5*t - 167 - 648 = 0. Let h = 271 + t. Calculate the greatest common factor of 12 and h.
12
Suppose -3*q - 4*y = -q - 312, -4*q = -y - 651. What is the highest common divisor of 18 and q?
18
Let l be 4/14 + (-628)/(-7). Calculate the greatest common factor of 9 and l.
9
Let z = 232 + -147. What is the highest common divisor of z and 34?
17
Suppose -2*i + c + 48 = -3*c, -4*c = -i + 18. Calculate the greatest common divisor of 90 and i.
30
Suppose -4*t = -7 - 5. Suppose -4*y - 54 = -t*s, -5*y + 2*y = -4*s + 72. What is the highest common factor of s and 162?
18
Let v = -2 + 1. Let l be 0*v/(-3) + 143. Suppose j = -0*j + l. What is the highest common factor of j and 13?
13
Let m be (48/1)/((-3)/(-4)). Let c be 6/(-15) - 26/10. Let w be 24/20*(-40)/c. Calculate the highest common divisor of m and w.
16
Let g be (-4)/10 - (-34)/10. Calculate the greatest common factor of g and 3.
3
Suppose 18 = 3*c + v, 0 = -5*c + v - 2*v + 30. What is the greatest common factor of 36 and c?
6
Suppose j - 81 = 4*i, -5*i - 4*j - 37 = -2*i. Let u be 4 - 5 - (i - -1). Let w = u + -7. Calculate the greatest common divisor of w and 90.
10
Let q(a) be the first derivative of -a**3/3 + 4*a**2 - 7*a + 2. Let j be q(6). Let n = -62 + 87. Calculate the highest common divisor of j and n.
5
Suppose -3*o - 8 = 19. Let w be (-16)/o + (-10)/(-45). Let h be (0 - (-3 + w))*20. Calculate the greatest common divisor of 50 and h.
10
Let t(y) = 2*y + 3. Let w be t(5). Suppose -762 + 294 = -2*k. Suppose 0 = 3*n - n - k. What is the greatest common divisor of w and n?
13
Suppose 0 = 4*w + 91 - 811. Calculate the highest common divisor of 72 and w.
36
Suppose -8*s = -6*s - 46. Calculate the highest common divisor of s and 23.
23
Let h be ((-42)/(-3))/(((-8)/6)/(-4)). What is the highest common factor of h and 12?
6
Let c(j) = -j**2 + 7*j - 7. Let x be c(5). Let u = 36 + x. Calculate the greatest common factor of 26 and u.
13
Let y = 31 - 19. Let b be (-2)/3 - 1156/(-6). Let r = -84 + b. What is the greatest common divisor of r and y?
12
Suppose 2 = 4*b + 10, 2*b = l - 5. Let d(x) = -x**3 - 6*x**2 + x + 8. Let p be d(-6). What is the highest common factor of l and p?
1
Suppose 0 = -3*g - 0*g - 36. Let r = g - -20. Let y be (-3)/(2/r*-3). What is the greatest common divisor of y and 8?
4
Let a = 86 + -50. What is the highest common divisor of 54 and a?
18
Let d be (360/(-7))/(-5) - 4/14. What is the greatest common divisor of 2 and d?
2
Suppose v = 4*v - 42. Suppose z - 4*u = -3 + 4, 0 = 2*z + u + 7. Let o be ((-2 + 107)/z)/(-1). Calculate the greatest common factor of v and o.
7
Let y(c) = -c**2 - c + 2. Let k be y(2). Let r be (-6)/k*(-8)/(-6). Suppose 0 = 7*b - r*b - 25. Calculate the greatest common factor of 5 and b.
5
Suppose -3*g + 6 + 12 = 0. Suppose g + 9 = v. Calculate the highest common factor of 120 and v.
15
Suppose 0 = 3*w - 5*s - 92, -w = -0*w - 2*s - 30. Let b(r) = r**3 - 2*r - 1. Let l be b(-1). Let o = w - l. Calculate the greatest common factor of 85 and o.
17
Suppose -2*o + 2*j + 13 - 5 = 0, -3*j = 3*o. Suppose o = -v + 16. What is the greatest common factor of v and 42?
14
Let t(j) = -j**2 + 8*j - 7. Let f(s) = -s**3 + 9*s**2 + s - 4. Let r be f(9). Let b be t(r). Let l = -20 + 36. Calculate the greatest common factor of l and b.
8
Suppose 0 = -2*j - 6 - 2. Let k be (j/(-10))/((-4)/20). Let v(g) = 2*g**2 + 2*g. Let s be v(k). Calculate the greatest common factor of s and 12.
4
Let i be -1*-1*(2 + 5). Let l be 4*(1 + (-6)/(-8)). Calculate the highest common factor of i and l.
7
Let h(k) = k**3 - 28*k**2 + 3*k - 21. Let s be h(28). What is the greatest common divisor of s and 14?
7
Let o(a) = -a**2 + 34. Let i be o(0). Suppose -l - 6 + 2 = v, 0 = -3*v - 2*l - 8. Suppose -b + 13 + 4 = v. What is the greatest common divisor of i and b?
17
Let p = -3 - -7. Suppose 7*n = p*n + 15. Calculate the highest common divisor of n and 40.
5
Let f be (2/(-4))/(9/(-1458)). Calculate the greatest common divisor of 